 are the prime factors of 11655054?
2, 3, 647503
What are the prime factors of 214959?
3, 79, 907
What are the prime factors of 484048?
2, 30253
List the prime factors of 290263.
19, 15277
What are the prime factors of 3252258?
2, 3, 229, 263
List the prime factors of 11927203.
11927203
List the prime factors of 1433999.
7, 204857
List the prime factors of 5998509.
3, 11, 19, 1063
List the prime factors of 93719.
93719
What are the prime factors of 642745?
5, 128549
List the prime factors of 2515578.
2, 3, 13, 32251
List the prime factors of 7490316.
2, 3, 569, 1097
What are the prime factors of 818844?
2, 3, 13, 29, 181
What are the prime factors of 528251?
53, 9967
List the prime factors of 10132.
2, 17, 149
List the prime factors of 5496.
2, 3, 229
List the prime factors of 18160.
2, 5, 227
What are the prime factors of 1129947?
3, 7, 13, 4139
List the prime factors of 5722834.
2, 13, 53, 4153
List the prime factors of 273101.
41, 6661
What are the prime factors of 23401692?
2, 3, 19, 34213
What are the prime factors of 931347?
3, 103483
What are the prime factors of 842280?
2, 3, 5, 7019
List the prime factors of 235226.
2, 337, 349
List the prime factors of 981058.
2, 13, 97, 389
List the prime factors of 4244800.
2, 5, 7, 379
What are the prime factors of 53676?
2, 3, 7, 71
What are the prime factors of 198162?
2, 3, 101, 109
List the prime factors of 534186.
2, 3, 59, 503
List the prime factors of 1602850.
2, 5, 32057
What are the prime factors of 787751?
787751
What are the prime factors of 99143?
11, 9013
List the prime factors of 361354.
2, 7, 53, 487
What are the prime factors of 147696?
2, 3, 17, 181
What are the prime factors of 6004241?
6004241
List the prime factors of 785343.
3, 13, 1549
List the prime factors of 259764.
2, 3, 21647
What are the prime factors of 792161?
41, 139
List the prime factors of 953696.
2, 29803
List the prime factors of 22774631.
11, 2070421
What are the prime factors of 196357?
7, 28051
List the prime factors of 998768.
2, 62423
What are the prime factors of 149423?
149423
What are the prime factors of 2678951?
11, 239, 1019
What are the prime factors of 13242035?
5, 1117, 2371
What are the prime factors of 164984?
2, 41, 503
What are the prime factors of 16422787?
29, 47, 12049
List the prime factors of 34154.
2, 17077
What are the prime factors of 157167?
3, 5821
What are the prime factors of 82244?
2, 29, 709
List the prime factors of 1703046.
2, 3, 19, 14939
List the prime factors of 4733475.
3, 5, 63113
What are the prime factors of 9073695?
3, 5, 37, 16349
List the prime factors of 16707906.
2, 3, 17, 54601
List the prime factors of 203107.
197, 1031
What are the prime factors of 3982878?
2, 3, 73757
List the prime factors of 563205.
3, 5, 37547
List the prime factors of 177390.
2, 3, 5, 73
What are the prime factors of 1222950?
2, 3, 5, 31, 263
What are the prime factors of 360200?
2, 5, 1801
List the prime factors of 7221586.
2, 23, 37, 4243
List the prime factors of 4902214.
2, 547, 4481
What are the prime factors of 690688?
2, 19, 71
List the prime factors of 3655316.
2, 7, 130547
List the prime factors of 5202.
2, 3, 17
List the prime factors of 1920721.
11, 283, 617
List the prime factors of 147323.
11, 59, 227
List the prime factors of 440764.
2, 101, 1091
What are the prime factors of 72200?
2, 5, 19
What are the prime factors of 1133519?
1133519
What are the prime factors of 672335?
5, 47, 2861
List the prime factors of 275452.
2, 68863
What are the prime factors of 4878234?
2, 3, 271013
What are the prime factors of 101019?
3, 151, 223
What are the prime factors of 501486?
2, 3, 19, 53, 83
What are the prime factors of 574723?
574723
List the prime factors of 14010434.
2, 719, 9743
What are the prime factors of 620941?
191, 3251
What are the prime factors of 11957675?
5, 97, 4931
What are the prime factors of 255249?
3, 79, 359
List the prime factors of 7932438.
2, 3, 17, 8641
List the prime factors of 7783193.
11, 707563
List the prime factors of 16738520.
2, 5, 79, 5297
List the prime factors of 366715.
5, 71, 1033
What are the prime factors of 1200798?
2, 3, 37, 601
List the prime factors of 58451.
58451
List the prime factors of 152096.
2, 7, 97
List the prime factors of 14014259.
7, 43, 46559
List the prime factors of 76933.
107, 719
List the prime factors of 1438717.
7, 47, 4373
List the prime factors of 1745259.
3, 581753
List the prime factors of 314964.
2, 3, 13, 673
List the prime factors of 723212.
2, 7, 23, 1123
What are the prime factors of 607844?
2, 23, 6607
What are the prime factors of 11095974?
2, 3, 53, 3877
What are the prime factors of 741909?
3, 7, 103
List the prime factors of 12853656.
2, 3, 167, 1069
List the prime factors of 22057.
7, 23, 137
List the prime factors of 934058.
2, 113, 4133
List the prime factors of 449883.
3, 7, 37, 193
What are the prime factors of 336085?
5, 67217
List the prime factors of 7287.
3, 7, 347
What are the prime factors of 10740442?
2, 41, 130981
What are the prime factors of 399099?
3, 133033
List the prime factors of 15212136.
2, 3, 179, 3541
What are the prime factors of 14547022?
2, 7, 148439
List the prime factors of 5376.
2, 3, 7
What are the prime factors of 455375?
5, 3643
List the prime factors of 106287.
3, 71, 499
List the prime factors of 3636892.
2, 7, 193, 673
List the prime factors of 327191.
37, 239
What are the prime factors of 2076817?
257, 8081
List the prime factors of 225906.
2, 3, 23, 1637
List the prime factors of 8795833.
8795833
List the prime factors of 10303759.
839, 12281
List the prime factors of 2074698.
2, 3, 79, 1459
List the prime factors of 13599092.
2, 13, 20117
What are the prime factors of 1791215?
5, 358243
List the prime factors of 137116.
2, 7, 59, 83
What are the prime factors of 1006858?
2, 479, 1051
List the prime factors of 167309.
167309
What are the prime factors of 2047313?
29, 227, 311
What are the prime factors of 2781593?
29, 95917
What are the prime factors of 7405527?
3, 29, 85121
List the prime factors of 148542.
2, 3, 19, 1303
What are the prime factors of 501430?
2, 5, 41, 1223
List the prime factors of 2340670.
2, 5, 234067
List the prime factors of 20084067.
3, 61, 36583
List the prime factors of 6407046.
2, 3, 59, 2011
What are the prime factors of 18278583?
3, 23, 97, 2731
What are the prime factors of 9757671?
3, 7, 11, 53, 797
List the prime factors of 2694811.
7, 384973
List the prime factors of 153697.
17, 9041
List the prime factors of 34303.
34303
List the prime factors of 2246039.
2246039
List the prime factors of 3795527.
199, 19073
List the prime factors of 767094.
2, 3, 127849
List the prime factors of 247033.
53, 59, 79
List the prime factors of 10078873.
7, 19, 75781
List the prime factors of 920567.
17, 54151
List the prime factors of 1805293.
7, 23, 11213
What are the prime factors of 1385411?
1385411
List the prime factors of 5482217.
13, 421709
What are the prime factors of 260431?
31, 271
List the prime factors of 7230149.
43, 168143
What are the prime factors of 3536999?
3536999
List the prime factors of 229259.
71, 3229
What are the prime factors of 700733?
11, 63703
What are the prime factors of 25609410?
2, 3, 5, 31, 67, 137
List the prime factors of 185512.
2, 23189
What are the prime factors of 6720453?
3, 53, 73, 193
List the prime factors of 1382143.
7, 67, 421
What are the prime factors of 222359?
229, 971
What are the prime factors of 222010?
2, 5, 149
List the prime factors of 961578.
2, 3, 17807
List the prime factors of 1345130.
2, 5, 134513
What are the prime factors of 518425?
5, 89, 233
What are the prime factors of 1407522?
2, 3, 234587
List the prime factors of 1542337.
113, 13649
List the prime factors of 185309.
185309
What are the prime factors of 7658631?
3, 31517
What are the prime factors of 109297?
109297
What are the prime factors of 9786146?
2, 4893073
List the prime factors of 2488560.
2, 3, 5, 10369
List the prime factors of 77851.
127, 613
List the prime factors of 5559540.
2, 3, 5, 7, 31, 61
What are the prime factors of 24422?
2, 12211
List the prime factors of 4178662.
2, 367, 5693
List the prime factors of 169144.
2, 21143
List the prime factors of 390328.
2, 97, 503
What are the prime factors of 13931615?
5, 89, 3130